Let b be (-5 - 5)*(-4)/10. Suppose b*i = -3 + 119. Suppose i = 2*a - 91. What are the prime factors of a?
2, 3, 5
Let s(i) = -5*i + 12. Let z be s(-10). Let q(r) = r**2 - r - 2. Let y be q(3). Suppose -y*j + 2*p + 3*p = -59, 2*j = -4*p + z. List the prime factors of j.
3, 7
Let d = 2003 + -830. What are the prime factors of d?
3, 17, 23
Let k = -72 + 61. List the prime factors of 11/(k/(-4)) - -141.
5, 29
Let h = 30 - -22. Suppose 2*d + 34 = d - 3*p, -2*d - h = 2*p. Let n = -19 - d. List the prime factors of n.
3
Suppose -1970*b = -1967*b - 4956. List the prime factors of b.
2, 7, 59
Suppose a - 2*n = 242, -2*a - 2*a + 975 = -n. What are the prime factors of a?
2, 61
Let f be (6/(-4))/((-3)/(-18)). Let s = 5 + f. Let m(x) = -6*x - 8. What are the prime factors of m(s)?
2
Let z = 5 - -121. Suppose 0*u - z = -3*u. What are the prime factors of u?
2, 3, 7
List the prime factors of (-26290)/(-4) + (-14 - (-200)/16).
6571
Suppose 0 = -50*f + 38*f + 56448. What are the prime factors of f?
2, 3, 7
Let u(h) = 5*h. Let r be u(-3). Let m = 87 + r. Suppose -z + m = z. List the prime factors of z.
2, 3
Let x(v) = 38*v - 15. Let z = 23 + -18. List the prime factors of x(z).
5, 7
Suppose -8*s + 5*s + 2027 = 4*v, -3*v + 2*s = -1499. What are the prime factors of v?
503
Suppose -4*k + 3*o + 6363 = -2*k, 3*k - o = 9548. List the prime factors of k.
3, 1061
Suppose -2*l + 9 = -3*u - 7, -2*u = 5*l - 2. Suppose 0 = -5*i - l*q + 64, 5*i + 3*q - 49 = 12. Let h = 37 - i. What are the prime factors of h?
23
Let l = 35 - 46. Let o(y) = y**2 - 3*y + 41. List the prime factors of o(l).
3, 5, 13
Let k(u) = u**2 - 13*u + 16. Suppose 4*h + 5*z = 58, 2*h = h - 4*z + 20. Let m be k(h). Suppose 0*w = -w - 1, m*w - 16 = -4*d. List the prime factors of d.
5
Suppose 0 = -4*x - 2*a + 756, -2*a + 568 = 2*x + x. What are the prime factors of x?
2, 47
Suppose r - 15 = -2*r, -5*p + 10 = 2*r. Suppose 0 = -y - 3*v + 327 - 77, p = -3*y + v + 740. List the prime factors of y.
13, 19
Let l(u) = 7*u**2 + 2*u + 4. Suppose 5*c - 6 = 3*c. What are the prime factors of l(c)?
73
Suppose 32 = 5*v + 7. Let k = -49 + 205. Suppose v*x - k = x. List the prime factors of x.
3, 13
Suppose 0 = 5*k + 5*a - 2375, -4*a = -4*k + 2*k + 950. What are the prime factors of k?
5, 19
Let v be 1 - 5 - (-12)/1. Suppose 5*z - 94 = 4*t, 3*t - t = v. What are the prime factors of z?
2, 11
Suppose 4*x + 4 = 0, -432 = 5*f - 3*x - 3860. Suppose -3*o - 52 = -f. List the prime factors of o.
211
Let k = -124 - -173. Suppose -k*i + 53*i - 748 = 0. What are the prime factors of i?
11, 17
Suppose -28*j = -27*j + 4*b - 2231, 0 = 3*j - 2*b - 6623. What are the prime factors of j?
3, 11, 67
Suppose -36634 + 3895 = -21*y. List the prime factors of y.
1559
Suppose 3*m = u - 819, 3*m - 770 - 859 = -2*u. List the prime factors of u.
2, 3, 17
Let r(g) = g**2 - g + 20. Let u be r(9). Suppose -5*z = -u - 408. List the prime factors of z.
2, 5
Let p = 1854 - 1111. What are the prime factors of p?
743
Suppose -3*x - 2349 = -4*j, 3*j - 1778 = -3*x + 2*x. What are the prime factors of j?
3, 197
Suppose 5*x + 5*f = -10, -2*x = -f - 3*f - 14. Suppose -4*v - 3 = x. What are the prime factors of v - 2/(2/(-17))?
2
Suppose 2*r = p + 9, 0*p - 2*p = r - 7. List the prime factors of -36*(-2*p + (-11)/(-22)).
2, 3
Let f(y) = y**3 - 2*y**2 + 2*y - 3. Let u be f(2). Let w(g) = -u - 2*g**2 - 1 + 4 - g**3 + 0*g**3. List the prime factors of w(-2).
2
Let s = -448 - -230. Let z = 328 + s. List the prime factors of z.
2, 5, 11
Let n = 1854 - 853. What are the prime factors of n?
7, 11, 13
Suppose 0 = 3*m - 3*j - 1206, -3*m + 4*j + 1198 = -j. List the prime factors of (m/(-392) - 4/(-14))*-100.
3, 5
Let v = 25 - 13. Let j = 3 - v. What are the prime factors of (j + -6)*5/(-3)?
5
Suppose -6*f + 1013 = -67. What are the prime factors of f?
2, 3, 5
Suppose -12*g - 6*g + 10188 = 0. List the prime factors of g.
2, 283
Let w = -4011 + 7292. What are the prime factors of w?
17, 193
Suppose 5*v = 2*o - 18 - 5, 0 = -2*o + 2*v + 14. Let i(z) = -z**3 - 5*z**2 + 10*z - 11. Let b be i(-10). What are the prime factors of o/(-18) + b/9?
43
Suppose 0 = 2*z + 4*s, -2*z + 3*z - 7 = 5*s. List the prime factors of z*(-2)/16 - (-582)/24.
2, 3
Suppose 22 + 2 = 3*i. Suppose i*r - 21 = 5*r. Let m = r - 5. What are the prime factors of m?
2
Let w be 1 - ((3 - 4) + -3). Suppose -2*m - 43 = -5*a - 5*m, -4*m = a + w. Let q = -1 + a. What are the prime factors of q?
2, 5
Suppose -2*g - 4*a + 117 = 25, 0 = 4*g - 3*a - 206. What are the prime factors of 3 + (g - ((1 - 7) + 3))?
2, 7
Let i(z) = -z**3 + z. Let u be i(1). Suppose -4*b - 3*g + 148 = u, 2*b = g + 48 + 26. What are the prime factors of b?
37
Suppose -2*q + 2 = -q. Suppose j + 3 + 2 = q*x, -2*j - 2 = 0. What are the prime factors of x/(-4) - 94/(-4)?
23
Suppose -4*d = 4*b - 128, b + 2*b - 15 = 0. Suppose -3*n - d = -5*c - 8, 0 = -3*n - 3*c + 21. What are the prime factors of (2 + 68)*n/4?
5, 7
Let u(z) = -569*z - 110. List the prime factors of u(-2).
2, 257
Suppose s + 3 - 1 = 0. Let q be 18*(4 - (s - -4)). Let g = -7 + q. List the prime factors of g.
29
Let x(u) = -u**2 - 33*u + 18. What are the prime factors of x(-14)?
2, 71
Let q(s) = s + 5. Let w be q(-3). Suppose -w*d - 4 = -2*k, 3 = 3*k - 5*d + 1. Suppose k*l - 8 = 76. List the prime factors of l.
3, 7
Suppose -3*p + 4*z = 8, 0*z - 2*z = -4*p - 4. Suppose -2*v + 0*c + 280 = -c, p = -4*v + 3*c + 556. List the prime factors of v.
2, 71
Let g(j) = -3*j - 15. Let w be g(-6). Suppose -2*c + 1 = -w. What are the prime factors of (33/44)/(c/96)?
2, 3
Let o(u) = -7*u**3 + 6*u + 4. Let m be o(-3). Suppose 0 = m*q - 179*q + 172. List the prime factors of q.
43
Let w = 882 - 578. List the prime factors of w.
2, 19
Suppose -10*v - 534 = -13*v. Let j = 280 - v. What are the prime factors of j?
2, 3, 17
Let q(i) = -i**3 - 18*i**2 + i - 20. What are the prime factors of q(-19)?
2, 7, 23
Let y(f) = 52*f**2 + 9*f - 14. List the prime factors of y(4).
2, 7, 61
Let i = 2549 + 1003. What are the prime factors of i?
2, 3, 37
Let i(w) = w**3 + 7*w**2 + 7*w + 4. Suppose 5*f + 55 = -5*c, c = -2*c + f - 13. Let r be i(c). Let m(u) = 3*u**2 + 2*u - 2. List the prime factors of m(r).
2, 3
Let b be 3*((-136)/(-12) - 3). What are the prime factors of 2705/b - (-2)/(-10)?
2, 3
Suppose 5*q - 1021 = -4*w, 2*w = -5*q + 412 + 601. What are the prime factors of q?
3, 67
Suppose -7*l + 5 = -44. Suppose 0 = 11*n - l*n - 352. List the prime factors of n.
2, 11
Suppose -37639 = -64*y + 45*y. What are the prime factors of y?
7, 283
Suppose -158*f = -161*f + 1692. List the prime factors of f.
2, 3, 47
Let j = -140 - -672. List the prime factors of j.
2, 7, 19
Let u(h) = h**2 + 8*h + 10. Let t be 23/5 + 14/35. Suppose 5*c - 5*y = -15, -t*c + y = -2*y + 23. List the prime factors of u(c).
3
List the prime factors of ((383/(-3))/(-1))/((-373)/(-5595)).
5, 383
Let o(s) = -159*s + 52. List the prime factors of o(-22).
2, 5, 71
Let w = -40 - -44. What are the prime factors of ((-4)/w)/(2/(-174))?
3, 29
Let z = -10 - -12. Let l be (3/z)/((-21)/(-28)). List the prime factors of l*(21/6 + 1).
3
Suppose 6893 = 9*k + 557. List the prime factors of k.
2, 11
Let w(z) = z**3 + 7*z**2 + 2*z. Suppose -b + 20 - 25 = 0. What are the prime factors of w(b)?
2, 5
Let v = -79 + 42. Let k = v + 54. List the prime factors of k.
17
Let w(t) = -1375*t + 13. What are the prime factors of w(-1)?
2, 347
Let p = 31 + -29. Let l be (-2 - (-3 + p))*-5. Suppose -l*y = s - 240, 0 = -y - y + s + 103. List the prime factors of y.
7
Let i = 0 + 4. Let g be -31 + 33 + 2*2/(-4). List the prime factors of i + 48 - 0 - g.
3, 17
Let a(b) = -b**2 - 8*b + 6. Let i(s) = -s**2 - 8*s + 5. Let l(r) = 3*a(r) - 2*i(r). List the prime factors of l(-6).
2, 5
Suppose u + 4*q - 18 = 0, -2*u - 4*q + 8 + 20 = 0. Let b be (0 - 21/(-6))*u. Suppose 2*l + l = -j + b, -4*l + 4*j = -20. What are the prime factors of l?
2, 5
Suppose m = -v + 372, -2*v = 4*m - 0*v - 1488. Let a = m + -177. What are the prime factors of a?
3, 5, 13
Let q be (-2*1)/((-6)/2502*3). Suppose -n - q = -3*n - 4*z, 2*z - 550 = -4*n. What are the prime factors of n?
137
Let f(o) = -o**2 - 10*o - 1. Let w be f(-9). Suppose 0 = -9*z + w*z + 44. List the prime factors of z.
2, 11
Let h = -200 - -39